2*m + p = 17. What is the tens digit of m?
3
Suppose 4*v = 4*c + 116, 3*v + 3*c - 68 = v. Suppose 4*d - v = 29. Let h = d + -9. What is the units digit of h?
6
Let h(x) = -131*x - 91. What is the hundreds digit of h(-7)?
8
Let o be (-7 + 10)/(6/4). Suppose -n - i = 4*n - 15, -o*n - 3*i + 19 = 0. What is the units digit of n?
2
What is the units digit of (7268/69)/((-2)/(-9))?
4
Let p = 77 - 64. Suppose -1007 = -p*b + 2178. What is the hundreds digit of b?
2
Suppose 12298 = 15*i - 1787. What is the units digit of i?
9
Suppose -5*l + 636 = -479. Let f = l + -132. What is the tens digit of f?
9
What is the units digit of 2*((-6)/(-9))/(6/3996)?
8
Let m(u) = -31*u + 32. Let j be m(-5). Let z = -118 + j. What is the units digit of z?
9
Let u be (10/(-4) - -3)*-36. Suppose -144 = -4*n - 36. What is the units digit of (-32)/u - (-6)/n?
2
Suppose -4 - 8 = -3*n. Let i be (2/(-8))/(4/(2*-40)). Suppose -y + n*k - 5*k + 5 = 0, i*y - 21 = -k. What is the units digit of y?
4
Suppose 0 = 71*b - 80*b + 2538. What is the tens digit of b?
8
Suppose 2*z - 4*b = 28, -5*b = -2*z - 25 + 58. Suppose -z*i = 10 - 38. What is the units digit of i?
7
Let a = -46 + 34. Let k = a - -27. Suppose 4*i - k = -i. What is the units digit of i?
3
Suppose -4*h + h + 5519 = n, 3*h - 3*n - 5523 = 0. What is the thousands digit of h?
1
Let v = 2234 - 585. What is the units digit of v?
9
Let j(h) = -2*h**2 + 9*h + 61. What is the units digit of j(8)?
5
Suppose -3*o = 9, 0*m - 4*o = -3*m + 12. Suppose r + m = 15. Let s = 34 - r. What is the tens digit of s?
1
Let p = 13 + -14. Let b be p/(-3)*(8 - -1). Let u(o) = o**3 + 3*o + 1. What is the tens digit of u(b)?
3
Suppose -76*v - 4768 = -84*v. What is the tens digit of v?
9
Suppose 0 = y + 5 + 5. Let x = y + 4. What is the tens digit of (75/9)/((-2)/x)?
2
Let i(w) = w**3 + 4*w**2 + 2*w - 3. Let x be i(-3). Suppose x*q - 4*b = -q - 9, -15 = -5*b. Suppose q*d = d + 22. What is the units digit of d?
1
What is the units digit of (-330 - -2*3/(-3))/(-2)?
6
Suppose -4*w + 3135 = w - 3*q, 5*w - 3135 = 5*q. Suppose -w + 6 = -3*r. What is the units digit of r?
7
Let x = 663 + -391. What is the units digit of x?
2
Let v(k) = -k**2 - k + 29. Let w(b) = -b + 6. Let t(x) = -x**3 + 5*x**2 - 3*x + 2. Let l be t(4). Let c be w(l). What is the units digit of v(c)?
9
Let i = 2876 + -2007. What is the hundreds digit of i?
8
Let q be ((-4)/(-3))/((-4)/6) + 3. Let l(f) = f + 11. Let d be l(-8). What is the tens digit of 187/34*(d + q)?
2
Let x(m) = -m**3 + 28*m**2 + 62*m - 5. What is the units digit of x(16)?
9
Suppose -14 = 24*z - 31*z. Suppose -592 = -4*t + 2*a, 0 = z*t - a - 2*a - 296. What is the hundreds digit of t?
1
Let x(o) be the third derivative of -7*o**4/12 + 37*o**3/6 + 12*o**2. What is the hundreds digit of x(-9)?
1
Let c be 10*(3 + 36/(-8)). Let i = c - -19. Suppose -i = 2*n, -h - 4*n + 7 + 6 = 0. What is the units digit of h?
1
Suppose 2*m + 20 = -0*m + 3*w, 12 = -5*m - 2*w. Let j(q) = q**3 + 4*q**2 - q - 2. Let a be j(m). What is the units digit of 6*(a - (-8)/(-6))?
4
Let w = -14 - -12. What is the tens digit of w*(24/5)/(12/(-80))?
6
Suppose 6*u = 4 - 4. Suppose 0 = 5*o + 4*k - 1481, u = -4*o - 5*k + 3*k + 1186. What is the hundreds digit of o?
2
Let t(w) = w**3 - 13*w**2 - 3*w + 10. Let x = 14 - 0. Let v be t(x). Suppose 5*s = 3*s + v. What is the tens digit of s?
8
Let z be 1 + (-3)/(3/7). Suppose 49 + 221 = 15*q. Let t = z + q. What is the units digit of t?
2
Let w(i) = -i**2 - 9*i - 9. Let v be w(-8). Let o(r) = r. Let s(d) = d**2 + 2*d + 5. Let b(x) = v*s(x) - 6*o(x). What is the units digit of b(-6)?
7
Let c(o) = -o - 1. Let i be c(-5). Let k be i/5*285/6. Let s = k + -15. What is the units digit of s?
3
Let t(n) = 1441*n**3 - 3*n**2 + 6*n - 4. What is the hundreds digit of t(1)?
4
Let x = 938 + -309. Let s = -435 + x. What is the units digit of s?
4
Let s(j) = -11*j + 14. Suppose 4*b + 7 = -9. What is the units digit of s(b)?
8
Suppose -2*q - 42 = -q. Suppose 0 = v - p - 33, -85 - 17 = -3*v + 4*p. What is the units digit of q/35*v/(-4)?
9
Let j be ((-1)/2 + 0)*4. Let f(h) = -8*h + 1. Let o be f(j). Let l = 31 - o. What is the tens digit of l?
1
Suppose 13*c + n - 401 = 12*c, -4*c = 5*n - 1609. What is the units digit of c?
6
Let a(l) = -l + 1. Let g be a(-1). What is the units digit of 28 + (4/1 - g)?
0
Let p(m) = 2*m**3 + 2*m**2 - 21*m + 110. What is the thousands digit of p(9)?
1
What is the thousands digit of ((-1)/1)/(5/((-111915)/9))?
2
Let f(a) = 7*a + 24. Let w(b) = -3*b - 11. Let m(r) = -4*f(r) - 9*w(r). Suppose 3*k - h = -19, 2*h + 2*h = 2*k + 16. What is the units digit of m(k)?
9
Let q(y) = y**2 + 2*y - 2. Let t be (-23)/(-5) + (-36)/60. What is the units digit of q(t)?
2
What is the units digit of -12*(3 + (-7)/2) + 434?
0
Let o be ((-39)/(-4))/(18/(-8) - -2). Let r = o + 51. What is the units digit of r?
2
Suppose 0 = -3*r - 5*d - 6 + 7, -3*r + d = -7. Let i = -17 + 73. Suppose -t - i = -r*t. What is the tens digit of t?
5
Let l(g) = -g**2 + 7*g - 5. Let h be l(-4). Let m = -41 - h. What is the units digit of m?
8
Suppose 4*a - 2*f = 0, 4*f = -4*a - 6 - 6. Let x be -5*(-5 + a - -4). What is the tens digit of (x/(-8))/(9/(-216))?
3
Let q = -146 + 41. Let m be q/(-33) - (-2)/(-11). Suppose -m*j + j = -2*h + 34, 3*h - j = 61. What is the tens digit of h?
2
Suppose -38*f - 24*f + 35960 = 0. What is the tens digit of f?
8
Let k = 14 - 10. Suppose -4 = -n - 2*f - 16, -38 = k*n - 2*f. Let o = 35 + n. What is the tens digit of o?
2
Let d = -31 + 4. Let x = 137 + d. What is the hundreds digit of x?
1
Let p = -84 - -11. Let v = 107 + p. What is the units digit of v?
4
Let v(l) = 3*l**2 - 2*l + 2. Let f be v(1). Suppose -m = -f*m + 160. What is the units digit of m?
0
Suppose 8*b = 6*b - 2. What is the units digit of 4 + b + -2 + 62?
3
Let r(b) = -22*b - 256. What is the hundreds digit of r(-20)?
1
Suppose f + x - 256 = 0, 0 = -5*f - x + 1683 - 415. Let b = 392 - f. What is the hundreds digit of b?
1
Suppose -4721 = -10*c + 3949. What is the tens digit of c?
6
Suppose 18768 = 8*j + 72. What is the thousands digit of j?
2
Let k = 3 - -3. Let b = 0 + k. What is the tens digit of 186/(-9)*(-9)/b?
3
Let q(i) = 6*i**3 + 3*i**2 - 21*i + 106. What is the units digit of q(8)?
2
Let h be 11 + -4 + (-2 - 1). Suppose h*v = -3*z + 9, v + v = 3*z + 9. Suppose v = -0*y + 3*y. What is the units digit of y?
1
What is the tens digit of 3/(-1 + -14) + 28093/65?
3
Let s(c) = 150*c + 622. What is the thousands digit of s(16)?
3
Let m = 82 + 9. Let s = m - 18. What is the units digit of s?
3
Suppose -1 = t - 3. Let z(l) = -9*l**2 + 6 - 4*l**3 + 3*l**3 + t*l**3 + 3*l**2. What is the units digit of z(6)?
6
Suppose 0*n = -n. Let o = 5 - n. Suppose -4*t - 3*v + 32 = -2*v, -o*v = 4*t - 16. What is the units digit of t?
9
Let m = 863 - 362. What is the hundreds digit of m?
5
Suppose 2 = u, -5*o = -13*u + 9*u - 12882. What is the hundreds digit of o?
5
Suppose 0 = 5*f + 2*b - 400, -4*f = b - 0*b - 320. Let v = 83 - f. What is the units digit of v?
3
Let c = 12 - 5. Let q(v) = 2*v**2 - 15*v + 7. Let k be q(c). Suppose k = 3*d + 4*m - 97, 0*d + 5*m + 220 = 5*d. What is the tens digit of d?
3
Let d(s) = 49*s**2 + 2*s + 10. What is the hundreds digit of d(3)?
4
Suppose -12*x = -7*x - 3395. What is the units digit of x?
9
What is the hundreds digit of 1/((-8)/(-6)) + (-412300)/(-496)?
8
Suppose 10*u = u + 3249. Suppose -3*f + 0*g + u = 2*g, -4*g + 605 = 5*f. What is the units digit of f?
7
Let k(c) = 152*c**2 + 47*c + 90. What is the units digit of k(-6)?
0
What is the tens digit of 10/(-45) - (-9)/(162/7240)?
0
Let u be (2 - -1)*(-3)/(-9). Suppose 3 = q - u. Suppose 2*k - 54 = -q*l, -3*l + 8*l = 4*k - 56. What is the units digit of k?
9
Let z(f) = 165*f + 53. What is the hundreds digit of z(2)?
3
Let a = -18 - -18. Suppose 3*u - 5*y - 131 = a, u + 3*y - 22 = 17. What is the tens digit of u?
4
Suppose 11*r - 8*r = 258. Suppose -r = -o - o. What is the units digit of o?
3
Suppose 6*r = 2*r - 20, 0 = 2*l - r - 5055. What is the thousands digit of l?
2
Suppose -4013 - 1168 = -11*n. What is the hundreds digit of n?
4
Suppose 4*j + 153 = 4*n + 813, -2*j + 333 = -n. Let m = -74 + j. What is the tens digit of m?
9
Let w be 71/((-5)/(-15)*3). Let c = w + -48. What 